 73, 971, 8093
What are the prime factors of 1723271607?
3, 191474623
What are the prime factors of 1035963203?
11, 94178473
List the prime factors of 297603065.
5, 101, 433, 1361
List the prime factors of 187376567.
7, 17, 61, 83, 311
List the prime factors of 347362349.
181, 1231, 1559
List the prime factors of 102822660.
2, 3, 5, 31, 18427
What are the prime factors of 357798357?
3, 7, 47, 857
What are the prime factors of 53876616?
2, 3, 2244859
List the prime factors of 784805377.
15889, 49393
List the prime factors of 5994902547.
3, 461, 1444903
List the prime factors of 196485510.
2, 3, 5, 13, 127, 3967
What are the prime factors of 29942179?
29942179
What are the prime factors of 698784873?
3, 23, 43, 235519
What are the prime factors of 118281914?
2, 59140957
List the prime factors of 752702954.
2, 5801, 64877
What are the prime factors of 128447235?
3, 5, 7, 29, 43, 109
What are the prime factors of 75352821?
3, 25117607
What are the prime factors of 1438443921?
3, 479481307
What are the prime factors of 325459854?
2, 3, 19, 951637
List the prime factors of 133233278.
2, 389, 171251
What are the prime factors of 856459?
856459
List the prime factors of 144229841.
7, 41, 502543
What are the prime factors of 544980066?
2, 3, 90830011
What are the prime factors of 78764642?
2, 11, 3580211
List the prime factors of 4082413360.
2, 5, 199, 347, 739
What are the prime factors of 11789994?
2, 3, 19, 103421
List the prime factors of 78465722.
2, 347, 113063
What are the prime factors of 253829706?
2, 3, 13, 3254227
What are the prime factors of 172030143?
3, 43, 1333567
List the prime factors of 433326862.
2, 1543, 140417
What are the prime factors of 551996351?
551996351
List the prime factors of 1235247800.
2, 5, 6176239
What are the prime factors of 722316625?
5, 271, 21323
What are the prime factors of 1015382534?
2, 19, 523, 2689
What are the prime factors of 18475962?
2, 3, 643, 4789
What are the prime factors of 1439158968?
2, 3, 13, 512521
List the prime factors of 827601809.
827601809
What are the prime factors of 197857719?
3, 21984191
List the prime factors of 919385190.
2, 3, 5, 83, 123077
What are the prime factors of 25643183?
23, 37, 30133
List the prime factors of 213032273.
37, 97, 59357
What are the prime factors of 767031011?
937, 818603
List the prime factors of 1171370713.
1171370713
What are the prime factors of 1080686352?
2, 3, 22514299
What are the prime factors of 1334534642?
2, 7, 95323903
List the prime factors of 9577144.
2, 409, 2927
What are the prime factors of 176638723?
491, 359753
List the prime factors of 830447663.
5087, 163249
List the prime factors of 815040781.
281, 647, 4483
What are the prime factors of 506227567?
29, 1559, 11197
List the prime factors of 4189808632.
2, 131, 3997909
What are the prime factors of 165669530?
2, 5, 13, 1274381
List the prime factors of 63469491.
3, 191, 257, 431
What are the prime factors of 284494340?
2, 5, 13, 1094209
List the prime factors of 10580867.
11, 53, 18149
What are the prime factors of 1986438640?
2, 5, 24830483
What are the prime factors of 4494662513?
11, 408605683
List the prime factors of 1172160507.
3, 7, 7973881
What are the prime factors of 712236580?
2, 5, 11, 1307, 2477
What are the prime factors of 141401854?
2, 11, 29, 251, 883
What are the prime factors of 38548857?
3, 37, 347287
List the prime factors of 191125595.
5, 38225119
What are the prime factors of 1028800136?
2, 7, 13, 61, 23167
What are the prime factors of 1445671630?
2, 5, 13, 855427
List the prime factors of 80331894.
2, 3, 4462883
What are the prime factors of 89758735?
5, 11, 433, 3769
What are the prime factors of 1119323733?
3, 11, 71, 477731
List the prime factors of 55774253.
19, 89, 32983
What are the prime factors of 772431514?
2, 227, 1701391
What are the prime factors of 1169523378?
2, 3, 19, 167, 20477
What are the prime factors of 432824?
2, 7, 59, 131
What are the prime factors of 7438469?
17, 437557
List the prime factors of 67181307.
3, 37, 605237
List the prime factors of 29977197.
3, 467, 21397
What are the prime factors of 389790151?
4943, 78857
What are the prime factors of 94057793?
94057793
What are the prime factors of 154941894?
2, 3, 8607883
List the prime factors of 313763096.
2, 1223, 32069
What are the prime factors of 34236479?
103, 332393
What are the prime factors of 543106118?
2, 4591, 59149
What are the prime factors of 89486614?
2, 7, 6391901
List the prime factors of 84964507.
23, 3694109
List the prime factors of 128417927.
11, 11674357
List the prime factors of 28971239.
11, 2633749
What are the prime factors of 112855918?
2, 7, 164513
What are the prime factors of 371050917?
3, 347, 431, 827
List the prime factors of 193080369.
3, 31, 2076133
List the prime factors of 3084746491.
3084746491
List the prime factors of 282168132.
2, 3, 23514011
What are the prime factors of 2142690841?
1259, 1701899
What are the prime factors of 22971627?
3, 7, 19, 6397
List the prime factors of 147045124.
2, 83, 181, 2447
What are the prime factors of 33868011?
3, 79, 142903
What are the prime factors of 515730570?
2, 3, 5, 31, 97, 5717
List the prime factors of 181366917.
3, 179, 337741
List the prime factors of 5676771921.
3, 1892257307
List the prime factors of 1050538984.
2, 11, 23, 22567
What are the prime factors of 398533944?
2, 3, 16605581
What are the prime factors of 7139834437?
17, 47, 59, 311, 487
List the prime factors of 129655482.
2, 3, 11, 1964477
List the prime factors of 6369615425.
5, 61, 283, 14759
What are the prime factors of 1861733517?
3, 7, 1061, 83557
List the prime factors of 3739380510.
2, 3, 5, 557, 223781
What are the prime factors of 544400346?
2, 3, 7, 12961913
List the prime factors of 3226702155.
3, 5, 43, 5002639
What are the prime factors of 2468772480?
2, 3, 5, 61, 107, 197
List the prime factors of 239553525.
3, 5, 3194047
What are the prime factors of 756079328?
2, 103, 229393
List the prime factors of 44821402.
2, 1597, 14033
What are the prime factors of 2120475585?
3, 5, 547, 258437
What are the prime factors of 439184087?
41, 97, 110431
List the prime factors of 38438654.
2, 787, 24421
What are the prime factors of 850142883?
3, 283380961
List the prime factors of 40241843.
40241843
What are the prime factors of 1226313964?
2, 97, 179, 17657
List the prime factors of 183877572.
2, 3, 521, 29411
What are the prime factors of 2557231658?
2, 29, 44090201
What are the prime factors of 84988262?
2, 42494131
List the prime factors of 2121220842.
2, 3, 13, 27195139
List the prime factors of 5841294711.
3, 7, 1459, 190649
List the prime factors of 122097393.
3, 11, 509, 2423
What are the prime factors of 4764030953?
11, 181, 251, 9533
What are the prime factors of 92244438?
2, 3, 11, 13, 35837
List the prime factors of 1101938885.
5, 220387777
What are the prime factors of 1673509377?
3, 79, 7061221
What are the prime factors of 180746031?
3, 19, 3170983
List the prime factors of 27511080.
2, 3, 5, 71, 3229
What are the prime factors of 3437266981?
71, 1151, 42061
What are the prime factors of 77218007?
77218007
List the prime factors of 3300686682.
2, 3, 1201, 458047
List the prime factors of 57881910.
2, 3, 5, 47, 41051
List the prime factors of 331830200.
2, 5, 13, 23, 31, 179
What are the prime factors of 3145155791?
61, 1301, 39631
What are the prime factors of 67960310?
2, 5, 11, 53, 11657
List the prime factors of 114561767.
114561767
List the prime factors of 3245996844.
2, 3, 4483, 20113
What are the prime factors of 63098339?
17, 61, 71, 857
What are the prime factors of 1075502828?
2, 19, 37, 10337
What are the prime factors of 2449275863?
569, 4304527
What are the prime factors of 5251163500?
2, 5, 11, 954757
What are the prime factors of 3088035466?
2, 37, 151, 276359
What are the prime factors of 64742172?
2, 3, 11, 313, 1567
What are the prime factors of 671115140?
2, 5, 33555757
What are the prime factors of 4545640091?
11971, 379721
List the prime factors of 76631433.
3, 61, 418751
List the prime factors of 4154095930.
2, 5, 415409593
List the prime factors of 52926252.
2, 3, 1193, 3697
What are the prime factors of 47158342?
2, 7, 11, 19, 71, 227
List the prime factors of 1472178271.
277, 1471, 3613
What are